divided by 2793?
337
What is the remainder when 5511766 is divided by 202?
196
Calculate the remainder when 1740969 is divided by 186.
9
What is the remainder when 1914458 is divided by 73633?
0
Calculate the remainder when 485922 is divided by 2093.
346
Calculate the remainder when 981510 is divided by 198.
24
What is the remainder when 1083588 is divided by 615?
573
Calculate the remainder when 2168773 is divided by 53.
13
Calculate the remainder when 79892 is divided by 1113.
869
What is the remainder when 207753989 is divided by 52?
1
Calculate the remainder when 77706 is divided by 895.
736
What is the remainder when 4865117 is divided by 799?
6
Calculate the remainder when 688491 is divided by 688472.
19
What is the remainder when 3703988 is divided by 1965?
1928
Calculate the remainder when 33989627 is divided by 6948.
11
Calculate the remainder when 121731893 is divided by 8695135.
3
Calculate the remainder when 3961406 is divided by 1320466.
8
What is the remainder when 130678678 is divided by 7686981?
1
Calculate the remainder when 5102991 is divided by 1101.
957
What is the remainder when 119456 is divided by 123?
23
What is the remainder when 154059 is divided by 619?
547
Calculate the remainder when 8605566 is divided by 223.
219
What is the remainder when 9279530 is divided by 220940?
50
Calculate the remainder when 22132 is divided by 22126.
6
What is the remainder when 14179523 is divided by 171?
32
Calculate the remainder when 18619995 is divided by 4256.
4251
Calculate the remainder when 50319 is divided by 52.
35
Calculate the remainder when 2608979 is divided by 2164.
1359
Calculate the remainder when 126309588 is divided by 505.
503
Calculate the remainder when 14630201 is divided by 2681.
2665
What is the remainder when 230735 is divided by 424?
79
Calculate the remainder when 174920 is divided by 1221.
317
What is the remainder when 87911598 is divided by 4395579?
18
What is the remainder when 776178 is divided by 194036?
34
Calculate the remainder when 37470194 is divided by 27.
26
Calculate the remainder when 8183 is divided by 2488.
719
What is the remainder when 1438452 is divided by 718260?
1932
Calculate the remainder when 32285 is divided by 2152.
5
What is the remainder when 69471 is divided by 1498?
563
Calculate the remainder when 38402 is divided by 680.
322
What is the remainder when 3269207 is divided by 3319?
3311
Calculate the remainder when 22010242 is divided by 647360.
2
What is the remainder when 16882893 is divided by 976?
45
Calculate the remainder when 173170 is divided by 4090.
1390
Calculate the remainder when 14690717 is divided by 1870.
1867
What is the remainder when 1469261021 is divided by 337?
333
What is the remainder when 610841 is divided by 84?
77
Calculate the remainder when 2304774 is divided by 60650.
74
What is the remainder when 85475576 is divided by 3?
2
Calculate the remainder when 654680 is divided by 327324.
32
Calculate the remainder when 12766 is divided by 12628.
138
Calculate the remainder when 611912 is divided by 10927.
0
What is the remainder when 17581 is divided by 2085?
901
Calculate the remainder when 10949841 is divided by 791.
28
What is the remainder when 1325495 is divided by 106?
71
Calculate the remainder when 10282670 is divided by 3772.
198
What is the remainder when 56770 is divided by 3418?
2082
What is the remainder when 4694649 is divided by 2347319?
11
Calculate the remainder when 6779 is divided by 6759.
20
What is the remainder when 3646 is divided by 2352?
1294
What is the remainder when 479 is divided by 454?
25
What is the remainder when 17585419 is divided by 113?
20
What is the remainder when 97147136 is divided by 246?
14
What is the remainder when 83949 is divided by 11922?
495
What is the remainder when 23636981 is divided by 6?
5
Calculate the remainder when 86806893 is divided by 44.
41
Calculate the remainder when 169258121 is divided by 56419368.
17
Calculate the remainder when 365782328 is divided by 129.
119
Calculate the remainder when 12172768 is divided by 30.
28
What is the remainder when 836799 is divided by 806?
171
What is the remainder when 29335657 is divided by 182?
169
What is the remainder when 64526 is divided by 32024?
478
Calculate the remainder when 221626 is divided by 22032.
1306
Calculate the remainder when 176108879 is divided by 376301.
11
What is the remainder when 888380 is divided by 107?
66
What is the remainder when 92647 is divided by 3713?
3535
Calculate the remainder when 1324456 is divided by 90.
16
Calculate the remainder when 27680 is divided by 4560.
320
Calculate the remainder when 46171955 is divided by 3899.
3896
Calculate the remainder when 59602 is divided by 33.
4
Calculate the remainder when 16383 is divided by 16168.
215
What is the remainder when 677567 is divided by 662?
341
Calculate the remainder when 23113769 is divided by 6.
5
Calculate the remainder when 15673119 is divided by 346.
11
Calculate the remainder when 7617 is divided by 949.
25
What is the remainder when 35403483 is divided by 8?
3
Calculate the remainder when 11458497 is divided by 2.
1
What is the remainder when 1138742 is divided by 82?
8
Calculate the remainder when 38400 is divided by 361.
134
Calculate the remainder when 3467093 is divided by 866771.
9
What is the remainder when 26297370 is divided by 148?
138
What is the remainder when 691124 is divided by 108?
32
Calculate the remainder when 13546741 is divided by 3386673.
49
What is the remainder when 15212 is divided by 4219?
2555
What is the remainder when 22630 is divided by 9709?
3212
Calculate the remainder when 752379 is divided by 752345.
34
What is the remainder when 128445 is divided by 665?
100
Calculate the remainder when 230214136 is divided by 107.
105
Calculate the remainder when 3859895 is divided by 227.
214
What is the remainder when 209518139 is divided by 390?
389
What is the remainder when 3133996 is divided by 92?
16
What is the remainder when 311651657 is divided by 6?
5
What is the remainder when 1439458 is divided by 453?
277
What is the remainder when 4058854 is divided by 579835?
9
What is the remainder when 7824546 is divided by 391224?
66
Calculate the remainder when 40290644 is divided by 42.
2
What is the remainder when 1097437 is divided by 2202?
841
Calculate the remainder when 33288570 is divided by 261.
108
What is the remainder when 60662 is divided by 11796?
1682
Calculate the remainder when 1438213 is divided by 557.
39
What is the remainder when 72736 is divided by 23546?
2098
Calculate the remainder when 1319921 is divided by 164990.
1
Calculate the remainder when 53739 is divided by 26388.
963
Calculate the remainder when 229230 is divided by 114209.
812
What is the remainder when 16306622 is divided by 21?
17
What is the remainder when 5031595 is divided by 1006310?
45
What is the remainder when 77155883 is divided by 59078?
15
Calculate the remainder when 3566887 is divided by 2919.
2788
What is the remainder when 909816 is divided by 816?
792
Calculate the remainder when 3374595 is divided by 5113.
15
Calculate the remainder when 54315 is divided by 996.
531
What is the remainder when 674036 is divided by 164?
160
Calculate the remainder when 202786 is divided by 6337.
2
What is the remainder when 256774810 is divided by 2091?
10
Calculate the remainder when 2884610 is divided by 17.
16
What is the remainder when 332892 is divided by 93?
45
Calculate the remainder when 277528 is divided by 92502.
22
What is the remainder when 43863328 is divided by 2376?
2368
What is the remainder when 171621 is divided by 8?
5
What is the remainder when 6794815 is divided by 1799?
1791
Calculate the remainder when 110330 is divided by 36729.
143
Calculate the remainder when 76219 is divided by 1267.
199
Calculate the remainder when 1056276 is divided by 8658.
0
Calculate the remainder when 918775 is divided by 5966.
11
What is the remainder when 280785 is divided by 140382?
21
Calculate the remainder when 73928216 is divided by 1110.
1106
What is the remainder when 35707 is divided by 5772?
1075
Calculate the remainder when 1386692 is divided by 124.
0
Calculate the remainder when 1764826 is divided by 318.
244
Calculate the remainder when